reatest common divisor of 250 and 981130.
10
What is the greatest common factor of 785 and 1115?
5
Calculate the highest common divisor of 551 and 14239.
29
Calculate the greatest common factor of 4784 and 6992.
368
Calculate the highest common factor of 351025 and 76.
19
Calculate the greatest common factor of 63 and 3518487.
63
What is the greatest common factor of 164 and 484128?
164
Calculate the highest common factor of 2622270 and 210.
210
Calculate the greatest common divisor of 869387 and 1082.
541
Calculate the greatest common divisor of 4199 and 34.
17
Calculate the greatest common divisor of 2740 and 480596.
548
What is the highest common factor of 88099 and 682?
11
What is the highest common divisor of 46850 and 10?
10
What is the highest common factor of 820 and 32540?
20
Calculate the greatest common factor of 112 and 276563.
7
Calculate the highest common divisor of 359109 and 18.
9
What is the highest common divisor of 12 and 2019372?
12
What is the greatest common factor of 48 and 538428?
12
What is the highest common factor of 10782 and 1206?
18
Calculate the highest common factor of 321 and 190353.
321
Calculate the greatest common factor of 99 and 128348.
11
Calculate the greatest common divisor of 629 and 297184.
37
What is the greatest common divisor of 32 and 96736?
32
What is the greatest common factor of 14 and 96?
2
Calculate the highest common divisor of 18 and 168219.
9
What is the highest common divisor of 2682 and 2538?
18
What is the highest common factor of 23516 and 604?
4
Calculate the greatest common divisor of 144 and 15903.
9
What is the highest common factor of 28455 and 105?
105
Calculate the greatest common factor of 110954 and 58.
58
What is the highest common divisor of 549262 and 322?
14
What is the highest common divisor of 3252 and 21?
3
What is the highest common factor of 40 and 79535?
5
Calculate the highest common factor of 220 and 20730.
10
Calculate the greatest common divisor of 2226 and 584696.
742
Calculate the greatest common factor of 10158 and 576.
6
What is the highest common factor of 1272 and 12396?
12
What is the greatest common factor of 852755 and 10?
5
What is the greatest common factor of 21301 and 1904?
119
What is the greatest common factor of 727560 and 2408?
344
What is the greatest common factor of 69852 and 276?
12
What is the greatest common factor of 5162 and 22339?
89
Calculate the highest common factor of 533 and 1391.
13
What is the greatest common factor of 791109 and 393?
393
Calculate the greatest common divisor of 8274 and 19503.
591
Calculate the greatest common factor of 410 and 670.
10
Calculate the greatest common divisor of 159 and 41649.
3
Calculate the greatest common factor of 152 and 82308.
76
What is the greatest common divisor of 224 and 2272?
32
What is the greatest common factor of 839 and 21?
1
Calculate the greatest common divisor of 2507 and 510556.
109
Calculate the highest common factor of 1341 and 46339.
149
Calculate the highest common factor of 105 and 168.
21
What is the greatest common factor of 6 and 10993?
1
Calculate the highest common divisor of 2 and 5932.
2
What is the greatest common divisor of 18 and 723186?
18
Calculate the highest common factor of 37431 and 441.
9
Calculate the greatest common factor of 54 and 20196.
54
What is the greatest common factor of 651 and 18321?
93
Calculate the highest common factor of 1469835 and 255.
15
Calculate the highest common divisor of 46560 and 94284.
1164
What is the greatest common divisor of 874 and 7334?
38
Calculate the highest common divisor of 70148 and 1235.
247
What is the greatest common divisor of 4158 and 97482?
462
What is the greatest common divisor of 1768 and 11764?
68
What is the greatest common divisor of 23579 and 6018?
17
What is the greatest common factor of 1265 and 381915?
115
What is the highest common factor of 311283 and 105?
21
What is the greatest common factor of 73144 and 244?
4
What is the highest common factor of 128976 and 192?
48
What is the greatest common factor of 613662 and 76?
38
What is the highest common factor of 2925 and 44375?
25
What is the highest common factor of 2499 and 13818?
147
What is the greatest common factor of 12 and 116019?
3
What is the greatest common factor of 46000 and 24?
8
What is the highest common divisor of 5855 and 505?
5
Calculate the greatest common divisor of 156 and 76648.
52
Calculate the greatest common factor of 126159 and 1221.
33
What is the highest common factor of 273 and 7111?
13
What is the greatest common divisor of 14 and 593432?
14
What is the highest common factor of 5069 and 37?
37
Calculate the greatest common divisor of 10977 and 13.
1
Calculate the greatest common divisor of 468 and 302094.
234
Calculate the greatest common divisor of 672 and 21966.
42
Calculate the highest common factor of 2375 and 81130.
95
What is the greatest common factor of 128 and 10856?
8
Calculate the highest common divisor of 4670 and 970.
10
Calculate the greatest common factor of 30 and 29382.
6
What is the greatest common divisor of 706 and 6?
2
Calculate the highest common divisor of 39488 and 992.
32
Calculate the greatest common divisor of 12 and 289012.
4
What is the greatest common divisor of 2661 and 75?
3
Calculate the greatest common divisor of 2533 and 6407.
149
What is the highest common divisor of 2553 and 555?
111
What is the highest common factor of 55429 and 66?
11
Calculate the highest common divisor of 24 and 204632.
8
What is the highest common factor of 116596 and 618?
206
Calculate the highest common divisor of 69228 and 324.
108
Calculate the highest common factor of 8 and 13655.
1
What is the highest common factor of 123119 and 59731?
1219
Calculate the highest common divisor of 71 and 64681.
71
What is the greatest common divisor of 7997 and 22?
11
What is the greatest common factor of 2179 and 1?
1
What is the highest common divisor of 2200 and 132550?
550
Calculate the greatest common factor of 2189 and 451.
11
What is the greatest common divisor of 5848 and 8428?
172
What is the highest common factor of 608 and 8094?
38
What is the highest common divisor of 2154 and 87237?
1077
Calculate the greatest common divisor of 1214 and 56.
2
Calculate the highest common factor of 413 and 74576.
59
Calculate the highest common factor of 2560 and 15.
5
Calculate the highest common divisor of 39 and 109447.
13
What is the highest common divisor of 1365 and 30394?
91
What is the greatest common factor of 138845 and 1015?
35
Calculate the highest common factor of 156897 and 39.
39
What is the greatest common factor of 1200 and 21990?
30
What is the highest common factor of 104513 and 7?
1
What is the greatest common factor of 2294 and 32930?
74
What is the greatest common divisor of 14283 and 89401?
529
Calculate the highest common factor of 67764 and 48.
12
Calculate the greatest common divisor of 14133 and 48.
3
What is the highest common divisor of 243 and 287757?
9
Calculate the greatest common divisor of 32643 and 975.
39
What is the highest common divisor of 35 and 44940?
35
What is the highest common factor of 82 and 23657?
41
What is the greatest common divisor of 53728 and 1688?
8
What is the greatest common divisor of 1031198 and 438?
146
What is the highest common divisor of 257 and 234127?
257
Calculate the greatest common factor of 87890 and 31161.
799
What is the highest common divisor of 34 and 302?
2
Calculate the highest common divisor of 75 and 17880.
15
What is the highest common divisor of 153 and 405841?
17
What is the greatest common divisor of 79805 and 385?
55
Calculate the highest common factor of 80434 and 1572.
262
What is the greatest common divisor of 13944 and 378?
42
Calculate the highest common divisor of 35900 and 55.
5
What is the greatest common factor of 460 and 5500?
20
Calculate the highest common factor of 80 and 5230.
10
What is the highest common factor of 1045110 and 2310?
330
Calculate the highest common factor of 836000 and 418.
418
Calculate the greatest common divisor of 3362 and 3377129.
1681
Calculate the greatest common factor of 1198 and 2756598.
1198
What is the highest common factor of 15743 and 329392?
1211
Calculate the highest common factor of 7744 and 3025.
